(-11)/(605/(-33)) + 416/(-10). Let s(f) = -191*f - 108. Is s(h) a prime number?
True
Let j be (-4)/10 - 1558/(-95). Suppose -j*c - 16*c = -148704. Is c a prime number?
False
Let w(y) = 127*y**2 - 14*y + 75. Is w(16) a composite number?
False
Suppose -17*x - 90 = -12*x. Let u(g) = -4*g**2 - 39*g - 19. Let z be u(x). Let t = 1028 + z. Is t a composite number?
True
Is (-2)/(168/36) + (-3)/((-84)/16280584) a composite number?
True
Let g(y) = -6*y - 1. Let z be g(-1). Let r(j) be the second derivative of 17*j**3/6 + 3*j**2 - 366*j. Is r(z) a prime number?
False
Suppose -6*d + 595892 = 18494. Is d prime?
True
Let p = -24 - -28. Suppose -29 = p*a - 49. Suppose -a*f = -7300 - 975. Is f a composite number?
True
Let y(a) = -4*a**2 + 10 + 5*a**2 + 13 - 12*a. Let p be y(10). Suppose -7*x + 1996 = -p*x. Is x a composite number?
False
Suppose -62 = 7*b - 20. Let h(m) = 2*m**2 + 7*m**2 + 9*m + 1 + 13*m**2. Is h(b) composite?
False
Suppose -5*c - 20 = -2*d - c, -4*c - 12 = 0. Suppose -3*i + 5*v - v + 20 = 0, -d*i = 3*v - 35. Suppose 0 = i*h - 4795 - 2221. Is h composite?
False
Let q be -16710*9*(-1)/2. Suppose -q = -22*r - 5*r. Is r composite?
True
Is (7/(-2) - (2 - 7))*142616/12 prime?
True
Suppose 35*b + 5*y + 569064 = 39*b, -b + 142291 = 5*y. Is b a prime number?
True
Suppose -12*q - 1538806 = -46*q. Is q composite?
False
Suppose -234 = -39*k + 780. Suppose 5*x - 460 = 3295. Suppose 5*l = -k + x. Is l a prime number?
False
Let j be 0 + 15 - (-16 + 16). Let r(s) = 16*s + 18. Let q be r(8). Let x = j + q. Is x a prime number?
False
Let z(b) be the third derivative of b**7/1680 + b**6/720 + 13*b**5/60 - 8*b**2. Let y(u) be the third derivative of z(u). Is y(8) a prime number?
False
Suppose -37*r + 3900 = -24*r. Suppose 0 = k - 4*k + 3630. Suppose -r = -d - 3*o, -4*d - o + k = o. Is d prime?
False
Let p(k) = k**3 - 8*k**2 + 5*k + 22. Suppose 25 = 4*b + a, -5*a - 34 = -4*b - 3*a. Let x be p(b). Suppose x*c - 285 = 5*c. Is c prime?
False
Suppose -1642471 = -45*m + 418059 + 2826515. Is m a composite number?
True
Let y be 2*(-45)/(-20)*-64. Let c = 545 + y. Suppose -w = k - 251, w + 0*k - c = 2*k. Is w a composite number?
True
Let y(w) = -101035*w + 463. Is y(-6) composite?
False
Let d = 2357 - 940. Suppose -3*n + d = 2*a + 2*a, 0 = 4*n - a - 1902. Suppose 5*l = 4*w + 783, -l + n = 2*l - 5*w. Is l a prime number?
False
Let d(h) = -1033*h + 961. Is d(-36) a composite number?
False
Let g(t) be the first derivative of 9*t**3 - 21*t**2 - 2*t + 148. Is g(-10) prime?
False
Is 723938 + 15 + 6 + -6 a prime number?
False
Suppose 73*m - 39*m - 702066 = 0. Is m a prime number?
False
Is (4 - 45/10)/((-2)/809876) a composite number?
True
Suppose -b + 7001 = -5*l + 2690, 0 = -b + 3*l + 4307. Let z = b + -2632. Suppose 5*u - 3*a - z = 0, 4*u = 2*a + 1812 - 476. Is u a composite number?
True
Let a(s) = s**3 + 5*s**2 - 8*s - 6. Let b be (-5)/(-4) + (-261)/36. Let t be a(b). Let j(m) = 10*m**2 - m - 7. Is j(t) composite?
False
Let p(v) = 512*v - 4. Let j be p(-1). Let w = j + -133. Let k = w + 1236. Is k a composite number?
False
Let g = 79 + -73. Let i(p) = 419*p - 33. Is i(g) prime?
False
Suppose -1177*v + 1179*v + 194742 = 2*a, -5*a - 3*v = -486823. Is a a prime number?
True
Suppose -3353685 = -1755*h + 1752*h - 3*l, -5*h + 5589483 = l. Is h prime?
False
Let n = 1007999 + -643756. Is (8 - n/44)/(3/(-4)) composite?
False
Let d = 3293019 + -2244592. Is d a composite number?
True
Let u(w) = -w**3 - w**2 - 2*w + 5. Suppose -3*m - 4*q = 205, 5*m = -8*q + 4*q - 339. Let t = 62 + m. Is u(t) composite?
True
Suppose 221*j - 32764 = 217*j. Is j a prime number?
True
Let s be (-5)/2*(-396)/110. Let x(i) = -10*i**3 + 11*i**3 + i**2 - 28*i + s + 49*i. Is x(10) prime?
True
Let s(p) = -p**3 - 4*p**2 - 4*p + 4. Let j be s(-4). Suppose 0 = 5*b + j, 0 = 3*a + 2*a - 5*b - 120. Suppose 15*o + 3405 = a*o. Is o composite?
True
Let p be (-1458)/(-21) + (-6)/14. Let u = p - 67. Suppose 158 = 4*h - 2*w, u*w + 55 + 25 = 2*h. Is h a composite number?
True
Let d(f) = -1188*f**3 + 3*f**2 + f - 1. Suppose 59 - 263 = -6*p. Suppose 0 = -p*v + 31*v - 3. Is d(v) a composite number?
True
Let o(w) = w**3 + 3*w**2 + w - 2. Let q be o(-2). Let u(z) = -3*z + 2 + q - 27*z**2 + 99*z**2 - 2*z. Is u(3) a prime number?
False
Let d be (0 - 5)*5/((-100)/(-1432)). Let k = d - -1035. Is k a composite number?
False
Let g = -1795 + 2559. Let y(m) = -3*m - 49. Let a be y(-19). Suppose g = a*p - 4*p. Is p a prime number?
True
Suppose 0 = -2*p - 3*b + 134660, 2*p + 4*b - 197865 = -63211. Is p a composite number?
False
Suppose 5*u - 4*y + 127287 = 556660, -4*u + 343484 = 4*y. Is u prime?
False
Let v be -414*(-4)/8 + (2 - 0). Let g = 420 - v. Is g a prime number?
True
Suppose 52 = 3*i + 25. Suppose i*a = 7*a + 6. Suppose 3*n - 6*n = -3*w + 13851, 5*w - a*n - 23077 = 0. Is w a composite number?
True
Let r = 1418 - 1437. Let l(c) be the third derivative of -5*c**4/2 + 9*c**3/2 - c**2. Is l(r) composite?
True
Let q = 60 + -51. Suppose -j - 15600 = -q*j. Suppose -r - 5 = -7, -2*f + j = -2*r. Is f composite?
False
Let g = -170470 + 241347. Is g a prime number?
True
Let w(a) = 2*a**2 + 5*a + 4. Let g be 28/(-70) + 284/10. Suppose g = -5*v - 2. Is w(v) a prime number?
False
Let v(d) = d**2 - 2*d - 1. Let j be v(3). Let k(n) = 25*n**3 - 7*n**2 + 17*n - 38. Let p be k(4). Suppose -j*m + p = -464. Is m a composite number?
False
Let p be -4 + (3 + -1 - -927). Suppose 5*i - p = 225. Suppose 7*n - 5*n - i = 0. Is n prime?
False
Is ((-462)/98)/11 + 699464/7 a composite number?
False
Suppose 4*r + 4*s = 3*r + 607, -4*r - 5*s = -2450. Let h = -2460 - -2426. Let i = r + h. Is i composite?
True
Let d be ((-10)/6)/((-17)/51). Suppose -2*n + d*o - 12 = 2*n, n + 14 = 4*o. Is (-1)/n*(1 - 675) composite?
False
Suppose 36*k = 31*k + 35. Suppose 0 = -k*n + 8178 + 13760. Is n a composite number?
True
Let z(o) = o**3 - 104*o**2 - 473*o + 283. Is z(111) prime?
False
Let f = -162 + -158. Is (-1466432)/f + (-2)/(-5) composite?
False
Let j = -8247 + 32030. Is j prime?
False
Suppose -3*i + 5*i - 5 = -o, 5*i + 3*o - 11 = 0. Suppose -8675 = -k + i*t, 10 = -2*t + 2. Is k composite?
True
Suppose -23*y + 15*y + 64 = 0. Let x(n) = 7*n**2 + 4*n + 9. Let w(i) = -6*i**2 - 3*i - 8. Let l(z) = -6*w(z) - 5*x(z). Is l(y) a composite number?
True
Suppose -21*r = -2*r - 18867. Suppose -3*w = -4*q - 6451, 2*q - 5303 = -2*w - r. Is w a composite number?
False
Suppose -6*p + 71 = -3*l - p, 0 = 2*l - 2*p + 46. Let j = l + 27. Suppose 0 = -6*d + j*d + 445. Is d prime?
False
Let j(t) = 3*t**3 - 7*t**2 - 6*t + 6. Let s be j(3). Suppose -3*p + s*a - 8*a = -5254, -3*p = -4*a - 5278. Is p prime?
False
Suppose 0*v + v - 3 = 0. Suppose -t = 3*t - 20. Suppose -v*f + 22216 = t*f. Is f composite?
False
Let y(r) = 661903*r + 108. Is y(1) composite?
True
Let f(w) = -2007*w**3 - 23*w**2 - 111*w - 62. Is f(-5) composite?
False
Suppose 0 = 2*q + 4*j - 798910, 10*q - 12*q - 2*j + 798904 = 0. Is q a composite number?
True
Suppose -1 = 3*t + 2. Suppose 118*s + 34903 = 146059. Is t/(-2)*(s - -14) prime?
False
Let d(q) = -7*q**2 - 34*q + 8. Let w be d(-5). Suppose 2*m - 72253 = -3*v, 0*m = -w*v - 3*m + 72252. Is v a composite number?
True
Is (-1217100)/(-160) + -2 + (-4)/(-32) + 2 prime?
True
Let x(z) = 1122*z**2 + 158*z - 85. Is x(-16) a composite number?
True
Let l = -34 + 34. Suppose -3*a - 4*n = -8*a + 5476, 3*a - 2*n - 3286 = l. Suppose -2*t + 363 = 5*s, 4*t + 4*s + 376 = a. Is t a prime number?
True
Let j be 48/20 - 6/(-10). Suppose -j*m + 1864 = -9419. Is m a prime number?
True
Let l = 9488 - 2860. Let b = -4049 + l. Is b a prime number?
True
Let g be 5*8/20*(-150)/12. Let k be 415/g - (-12)/20. Is (4*(-6)/k)/(6/2084) a prime number?
True
Let d = -23 + 28. Let v(u) = 13*u**3 - 29*u**2 - 28. Let a(y) = 3*y**3 - 7*y**2 - 7. Let g(r) = -9*a(r) + 2*v(r). Is g(d) prime?
True
Suppose 3*u - 977168 = -5*m, m + 5*u - 87673 - 107765 = 0. Is m a composite number?
True
Let u(a) = -8*a - 195. Let n be u(-25). Suppose 1725 = n*x - 730. Is x prime?
True
Suppose -9 = 4*b + 3*r, 5*b - 5*r = 3*b - 37. Let y(j) be the third derivative of j**5/30 - j**4/3 - 7*j**3/3 - 17*j**2. Is y(b) a prime number?
False
Let r = 10304 - -78723. Is r composite?
True
Let d(s) = -58*s - 111. Is d(-83) composite?
False
Suppose -4*